((-60)/4953) - 2/b a composite number?
True
Let n = 23637 - 10174. Is n a composite number?
False
Let x = 310 - -241. Is x composite?
True
Let x(j) = 1257*j**2 + 6*j + 4. Let l = 92 + -93. Is x(l) a composite number?
True
Let l(b) be the second derivative of 3*b**4/4 - b**3 + 4*b**2 + 29*b. Is l(5) composite?
True
Let q = -1378 + -952. Let w = q + 4063. Is w prime?
True
Suppose -3*r - 2*r + 16 = -d, -5*d - 5 = 0. Let p be r*(-2)/(-4)*-6. Let k(o) = -o**3 - 8*o**2 + 9*o + 13. Is k(p) a prime number?
True
Let c(u) = u**3 + 23*u**2 - 11*u + 13. Is c(-22) a prime number?
True
Suppose 3*z = 3*i, 2*z - 3*i = 5*z - 18. Let x = z + -1. Is ((-20)/8)/(x/(-164)) composite?
True
Let y(w) = 1. Let g(v) = 104*v**2 - 4*v - 1. Let s(u) = g(u) - 4*y(u). Let l(t) = 4*t + 14. Let m be l(-4). Is s(m) a prime number?
True
Suppose 700 + 3537 = b. Is b a prime number?
False
Let y(t) be the third derivative of -t**6/60 + t**5/60 - 3*t**4/4 - 2*t**3/3 + 11*t**2. Let p be y(-12). Suppose 0 = -2*u - 2*u + p. Is u a prime number?
True
Let k = 8 - 6. Let h(o) = o**2 + 16*o + 24. Let n be h(-14). Is k/2 + (n - -532) prime?
False
Suppose -8*d + 1905 = -3*d. Let m = -9 - -14. Suppose m*n - 8*n = -d. Is n a composite number?
False
Let v(s) = 10*s**2 + 77*s - 33. Is v(-20) prime?
False
Let i be (-2)/(-4) - 115/(-10). Suppose i*q - 17*q = -1255. Is q a composite number?
False
Let k(z) = 3*z**2 - 14 - 4 - 4*z**2 - 7 - 21*z. Is k(-17) composite?
False
Let i = 104 - 253. Let l be (-7)/((-84)/(-8))*-468. Let m = i + l. Is m composite?
False
Suppose 2*b - 29 = 111. Suppose b = w - 523. Is w a prime number?
True
Let a(k) = k**3 - 6*k**2 + 17*k. Let s be a(7). Suppose 549 = 3*u + s. Is u prime?
True
Let o(i) = 22*i + 5. Let g be 10/(-4)*(-4)/5. Suppose p = -g*q - 3*q - 12, -p - q = 0. Is o(p) prime?
True
Let q(t) = -28*t**3 + 4*t + 29*t**3 - 3*t + 0 + 3. Is q(11) composite?
True
Suppose -2*l = -2*p - 79450, -3*p - 4 = -p. Is l composite?
True
Let y = -1049 + 5202. Is y a prime number?
True
Suppose -17*n - 617 = -127692. Let g = n + -2386. Is g a prime number?
False
Is 4 + -1 + (-23480)/(-5) a composite number?
True
Suppose -3*m + 153 = -0*d + 4*d, m - 79 = -2*d. Let a = d + -3. Is ((-5)/15)/((-1)/a) a prime number?
True
Let r(m) = m + 2. Let z be r(3). Suppose -7 = 3*s - 4*j, -j + 1 = -z*s + 3*j. Suppose -54 = -s*d - q + 4, -2*d + 5*q = -67. Is d prime?
False
Suppose 4*g - 30 + 90 = 0. Let o = g + 15. Suppose 9*i - 4*i - 2915 = o. Is i prime?
False
Let g be -21*(-1 - (-3)/21). Is 2 + (-40)/g + 8309/9 a composite number?
True
Let x be 346/(-2) + (-4)/2. Let s = x + 628. Is s composite?
True
Suppose -2*i = 3*i. Suppose -6*z + z = i. Suppose -h + 3*r + 62 = z, 0*h = -3*h - r + 236. Is h a composite number?
True
Suppose -2705 = -t + 3*j, -3*t + 10820 = t + 4*j. Is t composite?
True
Suppose 492469 + 681796 = 23*k. Is k prime?
False
Suppose 0 = 3*j - j + 28210. Let p = 8505 + j. Is (-3)/(p/5585 + 1) a prime number?
True
Let v be (-44)/66*3*-1. Suppose -2*s = 3*o - 1064, 2651 = 3*s + v*s + 3*o. Is s a composite number?
True
Let f(s) = -1735*s - 188. Is f(-7) a prime number?
False
Suppose 3*p - 229 = 2315. Let j be (-50)/(-13) + (-4)/(-26). Suppose -3*u - 725 - 338 = -5*l, j*l = 3*u + p. Is l prime?
False
Suppose -4 = -t + 4*m, 2*t - 3*t = 3*m - 11. Let i = 219 - t. Is i a prime number?
True
Let v = 620 - -1939. Is v a composite number?
True
Is (-185)/(-1)*318/30 a composite number?
True
Suppose -8 - 8 = -4*m. Let a(u) = 29*u. Let k be a(m). Let h = k - 69. Is h prime?
True
Let x(p) = 5*p**2 - 6*p + 6. Let j be x(4). Suppose 0 = b - j - 173. Is b composite?
True
Let y = 3 + 0. Let t(k) = 7*k**2 + y*k - 11*k + 3 - 4. Is t(14) a prime number?
True
Let f = -20 + 123. Suppose -y - 3*y - 3*i + 419 = 0, -i - f = -y. Suppose -v - 3*v = -y. Is v a composite number?
True
Let l(q) = -187*q - 2. Let x be l(-4). Let j = x - 439. Is j composite?
False
Suppose 0 = -0*c + 3*c. Let j(p) = -19*p + 1 - 15*p - 3*p + c*p. Is j(-4) a composite number?
False
Suppose -8*w + 3*s = -7*w - 63901, 127762 = 2*w + 4*s. Is w composite?
True
Suppose -2*d + 20 = -0*d + 5*f, -2*d + 5*f = 20. Is (1550/(-75))/(d + (-2)/3) composite?
False
Let y(s) = -5 - 2*s - 6 + s + 72*s**2 - 14*s**2. Is y(-8) a prime number?
True
Suppose 35 - 27 = -2*v, -5*v = 4*g - 108216. Is g a prime number?
True
Suppose 0 = 5*h - 2 - 38. Suppose 450 = 5*y - h*y. Let d = 263 + y. Is d a prime number?
True
Let v(j) = j - 3*j + 6*j - 15 - j**2. Let w be v(-6). Let h = 244 + w. Is h a composite number?
True
Let h(f) = 287*f**2 + 2*f - 1. Suppose u = 4*c - 6, 2*u + 2 = -4*c + 7*c. Is h(c) composite?
False
Suppose -4*i + 4 = 4*w, w + 15 = -2*w + 3*i. Let a be (-4)/(-8) + (-677)/w. Suppose -q + a = -4*p, -2*q + 5*q = 4*p + 1001. Is q composite?
False
Suppose 0 = -f + 5*g + 148, -4*f = -3*f + g - 166. Let u = -29 + f. Is u prime?
False
Let j be (-4)/16*-4 + -13. Let g be (1294/8)/(j/(-48)). Suppose -4*l = 3*u - g, 2*u + l - 11 = 427. Is u a prime number?
False
Suppose -6*o + 1648 = -368. Is 3*o - (1 - 0) composite?
True
Let y(h) = -6*h**3 + 2*h**2 + h - 2. Let j be y(1). Is ((-9099)/15)/3*j composite?
True
Let w(f) = 365*f + 2. Let l(y) = 182*y + 1. Let k(x) = 5*l(x) - 2*w(x). Is k(2) composite?
True
Let h(v) = -38*v - 5. Let i = -9 - -10. Let f = i - 7. Is h(f) prime?
True
Let f = -10 - -15. Suppose -f*c = -361 - 139. Is (c - 2) + 0 + -4 a prime number?
False
Suppose l - 3 = -8. Is 2097 - l*6/(-15) prime?
False
Let r(k) = k**3 - 2*k - 248. Let f be r(0). Let m = 483 + f. Is m a prime number?
False
Let f = -14 - -17. Suppose l - 4036 = -4*l + 3*u, -4054 = -5*l - f*u. Is l a prime number?
True
Let s = 309 + 2290. Is s composite?
True
Let j(u) = u**2 + 7*u + 11. Let q be j(-4). Is (-668 + -6)*q/(-2)*-1 a composite number?
False
Suppose 3*n - 4*f - 16737 = 0, 6*n + 4*f + 27895 = 11*n. Is n a composite number?
True
Let v be (-20)/(-70) + (-4)/14. Suppose -262 = 4*d + 2*a - 5*a, -3*d - 3*a - 186 = v. Let s = d + 97. Is s composite?
True
Let f be (9/(-6) + 1)*-92. Let h be ((-50)/(-15))/(-2)*-69. Let z = f + h. Is z a prime number?
False
Let r = -27390 + 48973. Is r prime?
False
Let n(l) be the third derivative of 22*l**5/15 + l**4/12 - 5*l**3/6 + 15*l**2. Is n(-6) a composite number?
True
Is (427/366)/((-2)/(-1356)) a prime number?
False
Suppose 35*c - 39*c = -8180. Is c prime?
False
Let z(v) = 116*v + 5. Let q(p) = p**2 - 2*p - 3. Let c be q(-2). Suppose -4*m + 6 = -2*f, -2*m + 6*m = c*f - 3. Is z(m) a prime number?
True
Suppose 19*v = -41*v + 58620. Is v a composite number?
False
Let d be 588/(1/(2 - 3)). Let m = 65 - d. Is m composite?
False
Let q = 57 - 33. Let d = q - -7. Is d a composite number?
False
Suppose 2*p - 8 = 0, 0 = 5*d + 3*p - 16390 - 2557. Is d prime?
False
Let i be -3 + (1 - 1) - -2. Let p(w) = -w**2 - 4*w + 2. Let h be p(-4). Is (-245)/(-2) - i/h composite?
True
Suppose -2*z + 6 = -2. Suppose 2 + 3 = 2*d - 5*f, 4*f = -5*d - z. Is -4 - (956 + d)/(-4) prime?
False
Let i = 4 + -6. Let z be (-58)/i - (-1 + 0). Is -174*(z/(-9) + 3) composite?
True
Suppose 5*x = -h - 22, 2*x - 4 = h - 10. Let i be 124 - (x + 0 - 0). Suppose -4*n - 3*y = -103, -2*n = 3*n + 3*y - i. Is n composite?
True
Is (27/(-12))/(18/(-48)) a prime number?
False
Suppose -19314 = -3*i + 5*k, -4*i = -0*k - 5*k - 25747. Is i a composite number?
True
Suppose 94*c = 98*c - 74492. Is c a prime number?
False
Suppose -9740 = -5*f - m, -2*f + 0*m + 3883 = 3*m. Is f a prime number?
True
Let o(u) = -310*u + 17. Is o(-5) a prime number?
True
Is 1 + -7 + (5839 + 4 - -2) a composite number?
False
Let k(v) be the third derivative of v**5/10 - v**4/24 - 5*v**3/6 - 19*v**2. Is k(-2) a prime number?
False
Is 25/100 - 129873/(-12) a prime number?
False
Is (-5 - (-1411 + -6)) + -3 composite?
False
Let l(v) = 46*v**3 + 2*v**2 - 1. Let d be l(-1). Is (-5095)/d - 6/27 prime?
True
Suppose 116*a - 79*a = 89762. Is a a prime number?
False
Let p = -8367 + 13058. Is p a prime number?
True
Let y = -792 + 1561. Is y a prime number?
True
Let k(w) be the first derivative of -2*w**2 + 5*w - 1. Suppose 5*y + 0 = 4*f + 8, 3*y = -2*f - 26. Is k(f) a prime number?
False
Suppose -h - 389 = 4*h + v, -3*h + 2*v = 236. Let k = 131 + h. Is k a composite number?
False
Let b(z) = -68*z**3 + 1 - 46*z**3 + 0*z**2 - 3*z**2 +